pose -3*f - 4*d - 10 = 0, -3*f + s*d + 4 = -18. Calculate z(f).
7
Let w(l) = -4 + 2 - 2*l - 5*l**2 + 4*l**2 - 5*l. Give w(-5).
8
Let w(x) = -2 + 4 - x**2 - 4 + 5*x. Let s(o) = -o**2 - 6*o - 5. Let q be s(-4). What is w(q)?
4
Let b(w) be the third derivative of w**5/60 - 7*w**4/24 + w**3/3 - w**2 - 26. Give b(5).
-8
Let n(v) = v - 3. Let q = 8 + -12. Calculate n(q).
-7
Let f(h) = h + 4. Suppose 0 = -5*q + 6 + 29. Suppose -q = -2*a + 2*p + 3, -5*a - 4*p = -7. What is f(a)?
7
Let z(m) = 4*m - 15. Let c(l) = l - 5. Let h(g) = -14*c(g) + 4*z(g). What is h(-7)?
-4
Let y(f) = 2 + f**3 - 6*f**2 + 332*f + 330*f - 664*f. Suppose 5*m - 10 = -q + 6, m - 20 = -3*q. Determine y(q).
-10
Let x(k) = -k - 1. Let v be (5/(-5))/(-2 + 3). Let c(q) = -q**2 + 7*q - 1. Let s(f) = v*c(f) - 2*x(f). What is s(4)?
-1
Let g(w) = 3*w**2 + w + 1. Let s = -186 - -185. Determine g(s).
3
Suppose 5*j = 29 + 1. Let h(x) = -5 + 3*x**2 + 4*x**2 + 13 - j*x**2 + x. What is h(0)?
8
Let f(p) = 3*p**2 + 4*p + 2. Let o be (-4)/30 - 84/45. Give f(o).
6
Let a(h) = 4 + 146*h**2 + 0 + 8*h - 145*h**2. Give a(-3).
-11
Let v(n) = n - 7. Suppose 0 = 6*o - 11*o + 35. Let s = 7 - o. Give v(s).
-7
Let p(m) = -m. Let h be ((-2)/(-6))/(10/420). Suppose -5*s - h = 16. Calculate p(s).
6
Let k(y) = 3*y**2 + 0*y**2 - y**2 + 1. Suppose 4*n = -5*i - 11, -4*i + 5*n = -5*i - 19. Give k(i).
3
Suppose 0 = -18*i + 83 - 29. Let u(v) = 6*v - 6. Let n be (-1*2)/(-1) + 4. Let c(f) = -7*f + 6. Let j(r) = n*u(r) + 5*c(r). Determine j(i).
-3
Let g(o) = -4*o + 3*o + o**3 - 8 + 0*o. Suppose -4*v + 17 + 7 = 0. Let f(t) = t - 6. Let r be f(v). Determine g(r).
-8
Let i = -7 - -3. Let t be (-2)/3*3 - i. Let g(l) = -4*l**3 - l**2 + 4*l - 5. Let m(o) = -3*o**3 + 3*o - 4. Let j(b) = 2*g(b) - 3*m(b). Determine j(t).
0
Let z(b) = b**2 + 3*b. Suppose -2*l - 15 = -5*l. Let g = 1 - l. Give z(g).
4
Let f(t) be the second derivative of 1/2*t**2 - 1/20*t**5 + 8*t - 5/12*t**4 + 7/6*t**3 + 0. Calculate f(-6).
-5
Let h = -4 + 2. Let z be 3 - 3*h/3. Let k(t) = 2*t + 2 - 5 - t**2 + 2*t. Calculate k(z).
-8
Let n(h) be the third derivative of 7*h**5/60 + h**4/24 + h**3/6 - 17*h**2. Suppose -3*j - 4 + 1 = 0. What is n(j)?
7
Let v = 2 + 0. Suppose -5 - 5 = -v*w. Suppose -w*p - 28 = 4*a, -2*p = -6*p - 16. Let z(l) = -l - 2. Give z(a).
0
Let l(g) = -12*g + 3 + 20*g - 9*g. Let y = 1 + 1. Let t be y/(-5) + 27/5. Determine l(t).
-2
Let g be (6 - 0) + 3 + -3. Let h(n) = -n + 5. Determine h(g).
-1
Let p(v) be the first derivative of v**3/6 + 4*v**2 + 5*v + 3. Let u(h) be the first derivative of p(h). Determine u(-4).
4
Let t(q) = 3*q - 2. Let j(x) = 5*x - 3. Let o(d) = 6*j(d) - 11*t(d). Calculate o(4).
-8
Let i(y) = y**2 - 1. Let r(q) = -6*q + 3. Let m(c) = -c - 1. Let l(z) = -5*m(z) + r(z). Let o be l(10). Determine i(o).
3
Let m(i) = -2*i - 1. Let s = -5 + 10. Suppose 5*j = -3*t + 25, -3*j - s*t = 2*j - 35. Suppose q + 4*q + 9 = -2*z, -j*z - 2*q = 0. Calculate m(z).
-7
Let j(a) = a**3 - a - 1. Let k = 10 + -12. Let d = k + 0. Determine j(d).
-7
Let z(y) = y - 14. Let x be (-4)/(-6)*(26 + -5). Let l = 14 - x. What is z(l)?
-14
Suppose 7*g - 4 = 3*g. Let x(r) = -g + r + 0 + 0*r - 6. Give x(4).
-3
Let q = -6 + 7. Suppose 0 = w - f + q + 2, 1 = -3*w + f. Let r(a) = -w + a + 1. Calculate r(-5).
-5
Let l(v) = 5*v**2 - 2*v - 1. Let t(k) = -14*k**2 + 7*k + 4. Let i(q) = -11*l(q) - 4*t(q). Suppose -4*p + 20 = -0*p. Determine i(p).
-10
Let x(f) be the first derivative of -f**4/4 + f**3/3 - 7. Give x(1).
0
Suppose 2*f = -11 + 1. Let r(l) be the third derivative of -1/4*l**4 + 0 - 2/3*l**3 - 1/60*l**5 + 0*l - l**2. Give r(f).
1
Let d(n) be the second derivative of n**3/6 - 3*n**2 - n. Let m(p) = -p**3 - 21*p**2 - 2*p - 37. Let i be m(-21). Determine d(i).
-1
Let h = 12 - 16. Let u(c) = -c**2 - 3*c - 2. Give u(h).
-6
Let d(h) = 7*h**2 + 12*h - 8. Let t(f) = -f**2 + 6*f - 2. Let j be t(4). Let m(q) = 8*q**2 + 13*q - 8. Let u(c) = j*m(c) - 7*d(c). Calculate u(-7).
1
Let i(v) = -7*v + 33. Let c(w) = 4*w - 17. Let u(b) = -5*c(b) - 3*i(b). Determine u(7).
-7
Let y(f) be the first derivative of -3*f**2/2 + 5*f - 18. Give y(5).
-10
Let o = 12 + -20. Let z be o/6*(-15)/(-10). Let y(g) = -3*g + 1. Calculate y(z).
7
Let d(i) be the second derivative of 5/12*i**4 + 9*i + 0 + 1/20*i**5 + 5/2*i**2 - 5/6*i**3. Determine d(-6).
-1
Let l(s) = 200*s**2 - 199*s**2 - 1 + 7*s - 6. Calculate l(-6).
-13
Suppose 3*i - w = 4, -6*i = -2*i - 2*w - 4. Let h(x) = 2*x - 2 - x**3 - i*x. Let n(a) = a - 1. Let m be n(1). Determine h(m).
-2
Let u = 0 + 0. Let w(i) = -18*i**3 - 15*i**3 - 10*i**3 + 44*i**3 + 5. Give w(u).
5
Suppose 2*g = 3*g - 2. Let d(p) = -3 - p**3 - 2*p**2 - g*p + 3*p**2 + 2*p**2. What is d(3)?
-9
Let c(b) be the first derivative of -4*b - 1/12*b**4 - 5/6*b**3 + 1/2*b**2 + 2. Let k(z) be the first derivative of c(z). Calculate k(-6).
-5
Let c(t) = 6*t**3 - t**2. Suppose 0 = -h + 4*b + 2 - 0, 3*h + 4*b = -10. Let k = h + 4. Suppose -j = -3*j - 4*v + 14, -4*v = -k*j - 18. Calculate c(j).
-7
Let n(i) = 2*i**3 + 3*i**2 - 8*i - 4. Let v(f) = -f**3 - 4*f**2 + 7*f + 5. Let j(h) = -2*n(h) - 3*v(h). Let c be 30/4*(-8)/(-12). Give j(c).
-7
Let i(n) = n + 14. Let u = 43 - 30. Let z = -13 + u. Determine i(z).
14
Let l(x) = 2*x**2 + 2*x + 3. Suppose -4*s - 2*s - 24 = 0. What is l(s)?
27
Let f(h) = 15*h - 3 + 12*h - h**2 - 22*h. What is f(6)?
-9
Let b(p) = p**3 - 6*p**2 + 6*p. Suppose 3*j + j - 2*g - 16 = 0, -4 = -j + 5*g. Calculate b(j).
-8
Let q(t) = 4*t + 27. Let j be q(-7). Let o(n) = -6*n**2. What is o(j)?
-6
Let h(a) = -4*a**2 - 11*a + 47 + 3*a**2 + 3*a - 46. Give h(-6).
13
Let n(p) = -2*p + 19. Let u(w) = -w + 17. Let y(f) = 2*n(f) - 3*u(f). What is y(-10)?
-3
Suppose -2*d - 5*w + 3 = 21, 2 = -2*d + 3*w. Let c(v) = -v - 7. Calculate c(d).
-3
Let v be 18/(-4)*(-12)/9. Let r(f) = f - 9. Calculate r(v).
-3
Let c(w) = 1 + 5 + 4*w**2 - 5*w**2. Let q be 12/6 + (-3)/(3/2). What is c(q)?
6
Let l = 16 + -10. Let s(t) = t**2 - 4*t - 7. What is s(l)?
5
Let x(c) = 3*c. Let l be x(2). Let d be -1 + 3/(l/14). Let v(z) = z - 13. Give v(d).
-7
Let b be -4 - 2 - (0 - 1). Let x(p) = -6*p. Let c(h) = -7*h. Let f(m) = b*c(m) + 6*x(m). Give f(0).
0
Let n(j) = 5*j**2 - 19. Let c(z) = -z**2 + 5. Let x(t) = -9*c(t) - 2*n(t). Let y = 1 + -1. Calculate x(y).
-7
Let g(l) be the second derivative of -l**6/720 - l**5/60 - l**4/4 - 2*l. Let q(b) be the third derivative of g(b). Calculate q(0).
-2
Let c = -1 + 0. Let v(t) be the first derivative of -t + 0*t**2 + 1 - 8/3*t**3. Determine v(c).
-9
Let g be 18*1/(-4)*-2. Let v be 5/((-15)/g) - 2. Let q(k) = -2*k**3 + k**2 - 10*k. Let o(n) = n**3 + n**2 + n - 1. Let a(u) = -3*o(u) - q(u). Give a(v).
-7
Suppose -2*s = 3*s - 10. Let q = 4 - s. Let k(x) = 7*x - 2*x - 2 + q*x**3 - 5*x**2 - x**3. Determine k(4).
2
Let y(m) = m + 3. Let s be y(-2). Let x(d) = -13*d**3 - d**2 + 2*d - 1. Calculate x(s).
-13
Suppose 2*j - 12 = -0*j. Let g(h) be the first derivative of -h**4/4 + 5*h**3/3 + 4*h**2 - 9*h - 1. What is g(j)?
3
Let m = -3 - -8. Let a(n) = n**3 - 5*n**2 - 2*n. Let o(w) = w**3 - 4*w**2 - 2*w. Let b = 6 + -12. Let l(s) = b*o(s) + m*a(s). What is l(-2)?
0
Let p(k) = -k + 1. Let m be -1 - -1 - (-4)/(-2). Let t(x) = -2*x + 1. Let f(c) = m*t(c) + 3*p(c). Give f(0).
1
Let y(m) = -m**2 + m + 5. Let u = -15 + 11. Determine y(u).
-15
Let h(q) = -q**3 + q**2 + 3*q - 1. Let t = -12 + 14. Give h(t).
1
Let z(o) be the first derivative of -o**4/4 + 2*o**3/3 + o**2 + 59. Suppose -3*h - 3 = -n, -4*n + 7*h = 2*h - 33. Suppose 0 = -f + 5*f - n. Determine z(f).
-3
Let x(f) be the second derivative of f**4/12 + 2*f**3/3 + 3*f**2/2 + 23*f. Calculate x(-4).
3
Let s(b) be the third derivative of 0 + 5*b**2 - 7/6*b**3 + 0*b - 1/12*b**4. Give s(-6).
5
Let i = 16 - 10. Let w be 38/14 - i/(-21). Let p(g) = -g + 2. Give p(w).
-1
Let p(l) be the third derivative of -l**4/24 - l**3 - l**2. Let a(d) = -d - 25. Let j be a(-14). Let t = -11 - j. Determine p(t).
-6
Let z be (-50)/(-8) + (-2)/8. Let n be 0 + -3 + z + 0. Let f(c) = 5*c**2 + 3*c**3 + 5*c + n*c**3 - 2 + c**2 - 5*c**3. What is f(-5)?
-2
Let n(k) be the third derivative of -19*k**5/60 + k**4/12 + k**3/6 - 10*k**2. Give n(-1).
-20
Let x(u) = -u**2 + 3*u - 1. Let l be x(2). Let s be l/1 - (-2 + 1). Let r(g) = g + 1. Let a(p) = -p**2 + 6